{"id":1221,"date":"2019-10-28T12:02:56","date_gmt":"2019-10-28T12:02:56","guid":{"rendered":"http:\/\/test.jrwebdeveloper.de\/?page_id=1221"},"modified":"2023-02-05T20:55:07","modified_gmt":"2023-02-05T19:55:07","slug":"ueber-uns","status":"publish","type":"page","link":"https:\/\/www.getraenke-hake.de\/index.php\/ueber-uns\/","title":{"rendered":"\u00dcBER UNS"},"content":{"rendered":"<div id='full_slider_1'  class='avia-fullwidth-slider main_color avia-shadow   avia-builder-el-0  el_before_av_one_full  avia-builder-el-first   container_wrap sidebar_right'  ><div  class='avia-slideshow av-k38qiqo2-d9a3753f7b797aa31a04f965c6530971 avia-slideshow-featured av_slideshow_full avia-slide-slider av-slideshow-ui av-control-default av-slideshow-manual av-loop-once av-loop-manual-endless av-default-height-applied   avia-slideshow-1' data-slideshow-options=\"{&quot;animation&quot;:&quot;slide&quot;,&quot;autoplay&quot;:false,&quot;loop_autoplay&quot;:&quot;once&quot;,&quot;interval&quot;:5,&quot;loop_manual&quot;:&quot;manual-endless&quot;,&quot;autoplay_stopper&quot;:false,&quot;noNavigation&quot;:false,&quot;bg_slider&quot;:false,&quot;keep_padding&quot;:false,&quot;hoverpause&quot;:false,&quot;show_slide_delay&quot;:0}\"  itemprop=\"image\" itemscope=\"itemscope\" itemtype=\"https:\/\/schema.org\/ImageObject\" ><ul class='avia-slideshow-inner ' style='padding-bottom: 28.666666666667%;'><li  class='avia-slideshow-slide av-k38qiqo2-d9a3753f7b797aa31a04f965c6530971__0  av-single-slide slide-1 slide-odd'><div data-rel='slideshow-1' class='avia-slide-wrap '   ><img decoding=\"async\" class=\"wp-image-1634 avia-img-lazy-loading-not-1634\"  src=\"https:\/\/www.getraenke-hake.de\/wp-content\/uploads\/2019\/11\/banner-uns-1500x430.jpg\" width=\"1500\" height=\"430\" title='banner-uns' alt=''  itemprop=\"thumbnailUrl\"   \/><\/div><\/li><\/ul><\/div><\/div><div id='after_full_slider_1'  class='main_color av_default_container_wrap container_wrap sidebar_right'  ><div class='container av-section-cont-open' ><div class='template-page content  av-content-small alpha units'><div class='post-entry post-entry-type-page post-entry-1221'><div class='entry-content-wrapper clearfix'>\n\n<style type=\"text\/css\" data-created_by=\"avia_inline_auto\" id=\"style-css-av-78885-8dde5cd3e6737a91a6dde15956a5b317\">\n.flex_column.av-78885-8dde5cd3e6737a91a6dde15956a5b317{\n-webkit-border-radius:0px 0px 0px 0px;\n-moz-border-radius:0px 0px 0px 0px;\nborder-radius:0px 0px 0px 0px;\npadding:0px 0px 0px 0px;\n}\n<\/style>\n<div class='flex_column av-78885-8dde5cd3e6737a91a6dde15956a5b317 av_one_full  avia-builder-el-1  el_after_av_slideshow_full  el_before_av_one_half  avia-builder-el-first  first flex_column_div av-zero-column-padding '     ><style type=\"text\/css\" data-created_by=\"avia_inline_auto\" id=\"style-css-av-k38qoeg3-745222bbaa4f635d196311846d6b3cef\">\n#top .av-special-heading.av-k38qoeg3-745222bbaa4f635d196311846d6b3cef{\npadding-bottom:10px;\nfont-size:37px;\n}\nbody .av-special-heading.av-k38qoeg3-745222bbaa4f635d196311846d6b3cef .av-special-heading-tag .heading-char{\nfont-size:25px;\n}\n#top #wrap_all .av-special-heading.av-k38qoeg3-745222bbaa4f635d196311846d6b3cef .av-special-heading-tag{\nfont-size:37px;\n}\n.av-special-heading.av-k38qoeg3-745222bbaa4f635d196311846d6b3cef .av-subheading{\nfont-size:15px;\n}\n\n@media only screen and (min-width: 480px) and (max-width: 767px){ \n#top #wrap_all .av-special-heading.av-k38qoeg3-745222bbaa4f635d196311846d6b3cef .av-special-heading-tag{\nfont-size:0.8em;\n}\n}\n\n@media only screen and (max-width: 479px){ \n#top #wrap_all .av-special-heading.av-k38qoeg3-745222bbaa4f635d196311846d6b3cef .av-special-heading-tag{\nfont-size:0.8em;\n}\n}\n<\/style>\n<div  class='av-special-heading av-k38qoeg3-745222bbaa4f635d196311846d6b3cef av-special-heading-h3 blockquote modern-quote  avia-builder-el-2  avia-builder-el-no-sibling  av-inherit-size'><h3 class='av-special-heading-tag'  itemprop=\"headline\"  >Hake Ihr Getr\u00e4nkehandel!<\/h3><div class=\"special-heading-border\"><div class=\"special-heading-inner-border\"><\/div><\/div><\/div><\/div>\n\n<style type=\"text\/css\" data-created_by=\"avia_inline_auto\" id=\"style-css-av-5xdcok-0ee69c79c63bdec04c9222668e8243a1\">\n.flex_column.av-5xdcok-0ee69c79c63bdec04c9222668e8243a1{\n-webkit-border-radius:0px 0px 0px 0px;\n-moz-border-radius:0px 0px 0px 0px;\nborder-radius:0px 0px 0px 0px;\npadding:0px 0px 0px 0px;\n}\n<\/style>\n<div class='flex_column av-5xdcok-0ee69c79c63bdec04c9222668e8243a1 av_one_half  avia-builder-el-3  el_after_av_one_full  el_before_av_one_half  first flex_column_div av-zero-column-padding column-top-margin'     ><style type=\"text\/css\" data-created_by=\"avia_inline_auto\" id=\"style-css-av-k2aba72y-3631491690324703736cbad7a30a4936\">\n#top .av_textblock_section.av-k2aba72y-3631491690324703736cbad7a30a4936 .avia_textblock{\ncolor:#000000;\n}\n<\/style>\n<section  class='av_textblock_section av-k2aba72y-3631491690324703736cbad7a30a4936'  itemscope=\"itemscope\" itemtype=\"https:\/\/schema.org\/CreativeWork\" ><div class='avia_textblock av_inherit_color'  itemprop=\"text\" ><p>Sie suchen einen professionellen Getr\u00e4nkelieferanten f\u00fcr Ihr Event, Ihr Unternehmen oder Ihren Privathaushalt? Dann sind Sie bei bei uns genau richtig!<\/p>\n<p>Seit mehr als 30 Jahren liefern wir Ihre Getr\u00e4nke bis ins Haus. Profitieren Sie von unserer langj\u00e4hrigen Erfahrung. Wir beraten Sie nat\u00fcrlich auch gerne im Hinblick auf Ihre Getr\u00e4nkemengen. Bei uns bleibt kein Wunsch offen!<\/p>\n<p>Als verl\u00e4sslicher Partner und Dienstleister in Sachen Getr\u00e4nke ist das Unternehmen Karl-Heinz Hake seit 1985 eine kompetente Adresse f\u00fcr Firmen, Vereine und Privatkunden im Raum Vechta und Umgebung.<\/p>\n<p>Unser Getr\u00e4nkehandel bietet Ihnen eine gro\u00dfe Auswahl an Spirituosen, Bieren und alkolholfreien Getr\u00e4nken. Da sind f\u00fcr jede Gelegenheit und jeden Anlass die richtigen Getr\u00e4nke f\u00fcr Sie dabei und das mit Lieferservice bis zu Ihnen nach Hause.<\/p>\n<p>Sollten Sie spezielle W\u00fcnsche haben und etwas suchen das wir nicht im Sortiment haben, dann beschaffen wir Ihnen fast jedes Wunschgetr\u00e4nk. Als vielseitiges Unternehmen haben wir uns bereits einen Namen gemacht, so unter anderem im Bereich Leihmaterial, Schanktechnik und Schankanlagen sowie Zeltverleih mit Partyservice.<\/p>\n<\/div><\/section><\/div>\n\n<style type=\"text\/css\" data-created_by=\"avia_inline_auto\" id=\"style-css-av-5xdcok-493e5c1128926dcad332abbe8adf3f10\">\n.flex_column.av-5xdcok-493e5c1128926dcad332abbe8adf3f10{\n-webkit-border-radius:0px 0px 0px 0px;\n-moz-border-radius:0px 0px 0px 0px;\nborder-radius:0px 0px 0px 0px;\npadding:0px 0px 0px 0px;\n}\n<\/style>\n<div class='flex_column av-5xdcok-493e5c1128926dcad332abbe8adf3f10 av_one_half  avia-builder-el-5  el_after_av_one_half  el_before_av_section  avia-builder-el-last  flex_column_div av-zero-column-padding column-top-margin'     ><style type=\"text\/css\" data-created_by=\"avia_inline_auto\" id=\"style-css-av-k2aba72y-3631491690324703736cbad7a30a4936\">\n#top .av_textblock_section.av-k2aba72y-3631491690324703736cbad7a30a4936 .avia_textblock{\ncolor:#000000;\n}\n<\/style>\n<section  class='av_textblock_section av-k2aba72y-3631491690324703736cbad7a30a4936'  itemscope=\"itemscope\" itemtype=\"https:\/\/schema.org\/CreativeWork\" ><div class='avia_textblock av_inherit_color'  itemprop=\"text\" ><div class=\"ce_text block\">\n<p>F\u00fcr spezielle Kundenw\u00fcnsche sind wir jederzeit gespr\u00e4chsbereit. Wir beraten und betreuen unsere Kunden bei Ihren Feierlichkeiten von der Planung bis hin zur Umsetzung und selbstverst\u00e4ndlich dar\u00fcber hinaus.<\/p>\n<p>W\u00e4hlen Sie aus unserem Sortiment Ihre gew\u00fcnschten Artikel und profitieren Sie von unserem schnellen und p\u00fcnktlichen Lieferservice.<\/p>\n<p>Der Kunde steht immer im Mittelpunkt unserer Arbeit, damit Ihre Veranstaltung Ihnen und Ihren G\u00e4sten lange positiv in Erinnerung bleibt.<\/p>\n<p>Eine gute Beratung hat zufriedene Kunden zur Folge, deshalb besteht unser Team aus freundlichen, kompetenten Mitarbeitern, die Sie in allen Fragen rund um unser umfangreiches Angebot bestens beraten k\u00f6nnen.<\/p>\n<\/div>\n<\/div><\/section><br \/>\n<div  class='av_promobox av-k38qrmvt-13deb5ef899a305ad65950a3ded3f6d3 avia-button-yes  avia-builder-el-7  el_after_av_textblock  avia-builder-el-last '><div class='avia-promocontent'><p>\n<img loading=\"lazy\" decoding=\"async\" class=\"wp-image-1636 size-full alignleft\" src=\"https:\/\/www.getraenke-hake.de\/wp-content\/uploads\/2019\/11\/flasche-ueber-uns.png\" alt=\"\" width=\"84\" height=\"126\" \/><\/p>\n<p>Schreiben Sie uns oder rufen Sie<br \/>\nuns an, wenn Sie weitere Fragen<br \/>\nhaben &#8211; wir freuen uns auf Sie!<\/p>\n<\/div><div  class='avia-button-wrap av-k38qrmvt-59b2cc9b45ac8fd0a2399c2d9b24424f-wrap avia-button-right '><a href='https:\/\/www.getraenke-hake.de\/index.php\/kontakt\/'  class='avia-button av-k38qrmvt-59b2cc9b45ac8fd0a2399c2d9b24424f avia-icon_select-no avia-size-large avia-position-right avia-color-theme-color'  ><span class='avia_iconbox_title' >Kontakt<\/span><\/a><\/div><\/div><\/p><\/div><\/div><\/div><\/div><!-- close content main div --><\/div><\/div>\n<style type=\"text\/css\" data-created_by=\"avia_inline_auto\" id=\"style-css-av-k2ae037c-1d0b9ad07a64d02aae033d8864bd5a81\">\n.avia-section.av-k2ae037c-1d0b9ad07a64d02aae033d8864bd5a81{\nbackground-color:#002e52;\nbackground-image:unset;\n}\n<\/style>\n<div id='av_section_1'  class='avia-section av-k2ae037c-1d0b9ad07a64d02aae033d8864bd5a81 main_color avia-section-default avia-no-border-styling  avia-builder-el-8  el_after_av_one_half  avia-builder-el-last  avia-bg-style-scroll container_wrap sidebar_right'  ><div class='container av-section-cont-open' ><div class='template-page content  av-content-small alpha units'><div class='post-entry post-entry-type-page post-entry-1221'><div class='entry-content-wrapper clearfix'>\n\n<style type=\"text\/css\" data-created_by=\"avia_inline_auto\" id=\"style-css-av-21721x-fd7085441b4016630955ac2359cba772\">\n.flex_column.av-21721x-fd7085441b4016630955ac2359cba772{\n-webkit-border-radius:0px 0px 0px 0px;\n-moz-border-radius:0px 0px 0px 0px;\nborder-radius:0px 0px 0px 0px;\npadding:0px 0px 0px 0px;\n}\n<\/style>\n<div class='flex_column av-21721x-fd7085441b4016630955ac2359cba772 av_one_fourth  avia-builder-el-9  el_before_av_three_fourth  avia-builder-el-first  first flex_column_div av-zero-column-padding '     ><p>\n<style type=\"text\/css\" data-created_by=\"avia_inline_auto\" id=\"style-css-av-k2c0p6hw-bc25dab7d833c39d86c137adfb7b49f7\">\n#top .hr.hr-invisible.av-k2c0p6hw-bc25dab7d833c39d86c137adfb7b49f7{\nheight:50px;\n}\n<\/style>\n<div  class='hr av-k2c0p6hw-bc25dab7d833c39d86c137adfb7b49f7 hr-invisible  avia-builder-el-10  el_before_av_textblock  avia-builder-el-first '><span class='hr-inner '><span class=\"hr-inner-style\"><\/span><\/span><\/div><br \/>\n<section  class='av_textblock_section av-k2ae1jow-a2f7ae02721950588cff40c1d403ff9f'  itemscope=\"itemscope\" itemtype=\"https:\/\/schema.org\/CreativeWork\" ><div class='avia_textblock'  itemprop=\"text\" ><h4><span style=\"color: #2eaadc;\">UNSER SORTIMENT<\/span><\/h4>\n<h1><span style=\"color: #ffffff;\">Wir bieten eine gro\u00dfe Auswahl:<\/span><\/h1>\n<\/div><\/section><\/p><\/div>\n<style type=\"text\/css\" data-created_by=\"avia_inline_auto\" id=\"style-css-av-21721x-ebfe398dd201a54eb0218a8dd58dc334\">\n.flex_column.av-21721x-ebfe398dd201a54eb0218a8dd58dc334{\n-webkit-border-radius:0px 0px 0px 0px;\n-moz-border-radius:0px 0px 0px 0px;\nborder-radius:0px 0px 0px 0px;\npadding:0px 0px 0px 0px;\n}\n<\/style>\n<div class='flex_column av-21721x-ebfe398dd201a54eb0218a8dd58dc334 av_three_fourth  avia-builder-el-12  el_after_av_one_fourth  avia-builder-el-last  flex_column_div av-zero-column-padding '     ><style type=\"text\/css\" data-created_by=\"avia_inline_auto\" id=\"style-css-av-k2c0nejz-d6c503510c8ab257680339c15347aca6\">\n.avia-image-container.av-k2c0nejz-d6c503510c8ab257680339c15347aca6 img.avia_image{\nbox-shadow:none;\n}\n.avia-image-container.av-k2c0nejz-d6c503510c8ab257680339c15347aca6 .av-image-caption-overlay-center{\ncolor:#ffffff;\n}\n<\/style>\n<div  class='avia-image-container av-k2c0nejz-d6c503510c8ab257680339c15347aca6 av-styling- avia-align-center  avia-builder-el-13  avia-builder-el-no-sibling '   itemprop=\"image\" itemscope=\"itemscope\" itemtype=\"https:\/\/schema.org\/ImageObject\" ><div class=\"avia-image-container-inner\"><div class=\"avia-image-overlay-wrap\"><img decoding=\"async\" class='wp-image-1638 avia-img-lazy-loading-not-1638 avia_image ' src=\"https:\/\/www.getraenke-hake.de\/wp-content\/uploads\/2019\/11\/sortiment.jpg\" alt='' title='sortiment'  height=\"333\" width=\"1400\"  itemprop=\"thumbnailUrl\" srcset=\"https:\/\/www.getraenke-hake.de\/wp-content\/uploads\/2019\/11\/sortiment.jpg 1400w, https:\/\/www.getraenke-hake.de\/wp-content\/uploads\/2019\/11\/sortiment-300x71.jpg 300w, https:\/\/www.getraenke-hake.de\/wp-content\/uploads\/2019\/11\/sortiment-1030x245.jpg 1030w, https:\/\/www.getraenke-hake.de\/wp-content\/uploads\/2019\/11\/sortiment-768x183.jpg 768w, https:\/\/www.getraenke-hake.de\/wp-content\/uploads\/2019\/11\/sortiment-705x168.jpg 705w, https:\/\/www.getraenke-hake.de\/wp-content\/uploads\/2019\/11\/sortiment-450x107.jpg 450w\" sizes=\"(max-width: 1400px) 100vw, 1400px\" \/><\/div><\/div><\/div><\/div>\n<\/div><\/div><\/div><!-- close content main div --><\/div><\/div><div id='after_section_1'  class='main_color av_default_container_wrap container_wrap sidebar_right'  ><div class='container av-section-cont-open' ><div class='template-page content  av-content-small alpha units'><div class='post-entry post-entry-type-page post-entry-1221'><div class='entry-content-wrapper clearfix'><\/p>\n","protected":false},"excerpt":{"rendered":"","protected":false},"author":2,"featured_media":0,"parent":0,"menu_order":2,"comment_status":"closed","ping_status":"closed","template":"","meta":{"footnotes":""},"class_list":["post-1221","page","type-page","status-publish","hentry"],"_links":{"self":[{"href":"https:\/\/www.getraenke-hake.de\/index.php\/wp-json\/wp\/v2\/pages\/1221","targetHints":{"allow":["GET"]}}],"collection":[{"href":"https:\/\/www.getraenke-hake.de\/index.php\/wp-json\/wp\/v2\/pages"}],"about":[{"href":"https:\/\/www.getraenke-hake.de\/index.php\/wp-json\/wp\/v2\/types\/page"}],"author":[{"embeddable":true,"href":"https:\/\/www.getraenke-hake.de\/index.php\/wp-json\/wp\/v2\/users\/2"}],"replies":[{"embeddable":true,"href":"https:\/\/www.getraenke-hake.de\/index.php\/wp-json\/wp\/v2\/comments?post=1221"}],"version-history":[{"count":7,"href":"https:\/\/www.getraenke-hake.de\/index.php\/wp-json\/wp\/v2\/pages\/1221\/revisions"}],"predecessor-version":[{"id":1882,"href":"https:\/\/www.getraenke-hake.de\/index.php\/wp-json\/wp\/v2\/pages\/1221\/revisions\/1882"}],"wp:attachment":[{"href":"https:\/\/www.getraenke-hake.de\/index.php\/wp-json\/wp\/v2\/media?parent=1221"}],"curies":[{"name":"wp","href":"https:\/\/api.w.org\/{rel}","templated":true}]}}